5*s. Let a(b) = 6*c(b) - 13*p(b). Calculate a(h).
4
Let g(s) = -s. Suppose -4*o = -3*i - 28, -5*o + 12 + 0 = 2*i. Let y be g(o). Let a(w) = w**3 + 3*w**2 - 3*w + 4. What is a(y)?
0
Let w(d) = -2*d. Suppose 5*t - 3*c = -17, t + 0*c + 5 = -c. Determine w(t).
8
Suppose 6*v = 16 - 4. Let u(n) be the second derivative of -7/2*n**v + 2*n + 1/6*n**3 + 0. Calculate u(5).
-2
Let l(c) be the third derivative of c**7/1680 - c**6/720 - c**5/60 + 2*c**2. Let p(q) be the third derivative of l(q). Calculate p(-1).
-4
Let h(y) be the first derivative of -y**4/4 - y**3/3 - y**2/2 + 13. Give h(-1).
1
Let k be 2 + -1 + (-4)/2. Let q = -1 + k. Let n(j) be the first derivative of 3*j**2 + 3*j + 1. Give n(q).
-9
Let x(w) = w**2 + 5*w - 3. Let s(u) = -u**2 + 5*u - 5. Suppose -5*c = -5 - 20. Let f be s(c). Give x(f).
-3
Let o(g) be the third derivative of -g**6/120 - g**5/12 - g**3/2 - 2*g**2. Let b be o(-5). Let s(f) = 0*f**2 - 1 + 3*f**2 + 2*f**2 - 6*f**2 - 2*f. What is s(b)?
-4
Let j(p) = 8*p**2 + 7*p. Let z(u) = -u**2 - u. Let h(a) = -j(a) - 6*z(a). Let f(v) = 23*v + 2. Let w be f(-2). Let y be (-8)/w - 24/11. Determine h(y).
-6
Let k be 6/((-22)/(-4) - 4). Let x(j) = j**2 + 2*j - 6. What is x(k)?
18
Suppose 4*d - 52 = -5*q, d - 3 - 25 = -5*q. Let h be (-2)/d + (-231)/(-44). Let o(p) = p**3 - 5*p**2 + 6. What is o(h)?
6
Let p = -6 - -10. Suppose -3*s + p + 2 = 0. Let m(v) = v + 1 + 4*v - s - 4*v. What is m(-4)?
-5
Suppose -2*x - 2*x = -8. Suppose -x*g + 9 = -1. Let j(t) = t**2 - 5*t - 4. Determine j(g).
-4
Let m = 30 + -36. Let s(h) = -h**3 - 2*h**2 - 5*h**2 - 6*h + 0*h**3 - 5. Calculate s(m).
-5
Let g(w) = w + 1. Suppose -2*d - 2*b + 26 = -0*b, -d = 4*b - 28. Determine g(d).
9
Let g(x) = x - 3. Suppose 3*p + 5 = 17. Calculate g(p).
1
Let d(k) = -4*k**3 - 2*k + 1. Let s(q) = -q**2 + 2*q + 9. Let i be s(4). What is d(i)?
-5
Let a(i) = -i - 5. Let f(s) = -s**2 + 10*s + 3. Let w be f(10). Suppose -4*r + w*r = 0. Determine a(r).
-5
Let b(l) = l**3 - 4*l**2 + l + 2. Suppose 4*t + 7 - 19 = 0. What is b(t)?
-4
Let m be (-1 + 3)/(3/18). Suppose -4*f - 23 - 13 = -5*l, 4*f = -l - m. Suppose 9 = -l*a - 11. Let y(d) = d + 5. Calculate y(a).
0
Let x(n) = 7*n**2 + n. Suppose 0 = 5*b + 5 - 0. What is x(b)?
6
Let k(i) = 2*i**3 - 15*i**2 - 13*i + 15. Let h(u) = -3*u**3 + 23*u**2 + 19*u - 23. Let f(c) = 5*h(c) + 8*k(c). Determine f(6).
-13
Suppose -8*r + 10*r = -2. Let f(k) be the third derivative of -k**6/15 - k**3/6 - k**2. Determine f(r).
7
Let c = 5 - 7. Let t be (-3)/(6/(-2) - c). Let x(v) = -8 - t*v + 4 + v**2 + 5*v. Give x(-3).
-1
Suppose -2*a + a = 4*b + 15, -1 = -5*a - b. Let l(d) = 15*d**2 + d. Calculate l(a).
16
Let o(i) = -14*i - 2. Let v(q) = 12*q + 2. Let k(r) = -4*o(r) - 5*v(r). Let f(b) = b**2 - 1. Let s be f(-2). Give k(s).
-14
Let q(n) = n**3 - n. Let s(r) = r**3 - 2*r**2 + 3*r + 1. Suppose 0*w = w + 1. Let b(d) = w*s(d) - 3*q(d). Calculate b(1).
-3
Let d be (-39)/(-63) - 6/21. Let z(y) be the first derivative of 8*y - 2*y**2 - 4 - d*y**3. Give z(-6).
-4
Suppose 0 = 8*s - 18 - 6. Let c(f) be the second derivative of -f**4/12 + f**3/6 + 2*f**2 - f. Calculate c(s).
-2
Let u(p) be the third derivative of -p**4/24 - p**3/6 - 4*p**2. What is u(-3)?
2
Suppose -4*q = -4*g + q - 21, 2*q + 6 = -2*g. Let t(b) be the third derivative of 1/4*b**4 + 0*b + 1/30*b**5 + 0 + 1/6*b**3 - b**2. What is t(g)?
9
Let a(h) = -3*h**3 - 14*h**2 - 20*h + 38. Let w(r) = r**3 + 5*r**2 + 7*r - 13. Let n(y) = -6*a(y) - 17*w(y). Determine n(0).
-7
Let g be (-4)/10 + (1 - (-76)/(-10)). Let t(b) = b**3 + 8*b**2 + 8*b + 8. Determine t(g).
1
Let b = -6 - -10. Let v(i) = i**3 + i**2. Let w(m) = 3*m**3 + 8*m**2 - 2*m + 5. Let l(x) = 4*v(x) - w(x). Determine l(b).
3
Let h(x) = 2*x**2 + x**2 - 2*x**2 + 0*x**2. What is h(2)?
4
Let j(z) = z**3 + z**2 - z + 1. Suppose -103*n - 2 = -104*n. Determine j(n).
11
Let v be (4/6)/(2/3). Let q be v - (-2)/1 - 1. Let r(n) = -3*n**2 - 3*n + 6. Let o(z) = 7*z**2 + 7*z - 14. Let k(s) = 2*o(s) + 5*r(s). Determine k(q).
-4
Let y(x) = 2*x + 1. Let q be (-3)/9 - (-12)/9. Give y(q).
3
Let s be 1*(4 + 1 + -5). Let h(z) = -z + 4. What is h(s)?
4
Let t(c) = -2*c**2 - 4*c - 2. Let y be t(-2). Let h(g) = g**2 - 5*g + 7. Let o(v) = v**2 + v + 6 - 2*v - 3*v. Let n(x) = 6*h(x) - 7*o(x). Determine n(y).
0
Let q(d) be the first derivative of -d + 3 - 3*d**2 - 1/3*d**3. What is q(-6)?
-1
Let g(b) be the third derivative of b**6/40 + 2*b**2. Calculate g(1).
3
Let q(g) = -g**3 + 7*g**2 - 6*g - 3. Let y be ((-8)/6)/(2/(-9)). Calculate q(y).
-3
Suppose 5*b - 2*b = -2*a + 24, -15 = -3*b + a. Let r(w) = w**3 - 6*w**2 + 2*w - 5. What is r(b)?
7
Let p(h) be the second derivative of h**3/3 - h**2/2 - h. Determine p(-3).
-7
Let d(j) be the third derivative of 1/20*j**5 + 1/120*j**6 + 0*j - 1/3*j**3 + 0 - 1/6*j**4 - 2*j**2. Determine d(-4).
-2
Let x(y) = y**2 + 7*y + 3. Let j be x(-6). Let p(m) = -2*m + 6 - 2*m - 9 + 3*m. Determine p(j).
0
Suppose 0 = 2*s - 24 - 12. Let i be s/(-3)*(-1)/(-2). Let n(k) be the second derivative of -k**5/20 - k**4/4 - k**3/3 - 2*k**2 + 5*k. Calculate n(i).
2
Let r(k) = 3*k**3 - 3 - 2*k**3 + 5*k**2 - 2. Suppose -10 = 5*i - 10*i. Suppose -1 = -i*f - 11. Calculate r(f).
-5
Let d = -5 - -10. Suppose -42 = -2*p - d*n - 13, -3*p - 4*n = -26. Let w(q) = 4 + 5*q + 4*q**2 + q**p - 4*q + q**3. What is w(-5)?
-1
Let o(w) = -w**2 - w + 3. Let x = 8 - 4. Suppose i = 4*b - 3, -b + 3*b - x*i = 12. Give o(b).
3
Let n(c) = -4*c**2 + 11*c - 4. Let j(m) = -7*m**2 + 21*m - 9. Let v(f) = -3*j(f) + 5*n(f). Determine v(7).
0
Let q(t) be the second derivative of -t**5/60 + t**4/12 + t**3/6 - 3*t. Let a(w) be the second derivative of q(w). Determine a(2).
-2
Let m(d) = d - 3. Let h(f) = -2*f**2 - 15*f - 5. Let p be h(-7). What is m(p)?
-1
Let p(f) = -f - 7. Let q(s) = s**2 + 9*s + 12. Let v be q(-8). Suppose 6 = -v*w - 22. Give p(w).
0
Let l(s) be the second derivative of 0 - 1/2*s**3 - 1/12*s**4 + 4*s - 1/2*s**2 + 1/20*s**5. Determine l(3).
8
Let y(a) = -9*a + 14*a**3 - 1 - 23*a**3 + 8*a**3 + 4*a**2 + 7*a. Let l be 4/(-10) - (-17)/5. Determine y(l).
2
Suppose 4 = 2*k + 2. Let i(c) = -106*c + 2 + 104*c + 0*c**3 - 1 - 5*c**3 + c**2. What is i(k)?
-5
Let b(a) = -a**2 + 2. Let o(u) = u**2 - 3. Let w(v) = 5*b(v) + 3*o(v). Let p(h) = -2*h + 17. Let d be p(8). Determine w(d).
-1
Let v(b) = -2*b**2 + b - 5. Let j be v(0). Let t(u) = u**2 + 5*u - 6. Give t(j).
-6
Let t(g) be the third derivative of g**4/24 + 7*g**3/6 + 5*g**2. Determine t(-4).
3
Let n be (-30)/12*1*-2. Suppose -n*w - w = 0. Let d(l) = l**2 + l - 5. Determine d(w).
-5
Let k be (-10)/(-14) + (-4)/(-14). Let w(c) = -c**3 - 10*c**2 - 9*c + 2. Let n be w(-9). Let r = k + n. Let g(l) = l + 2. Give g(r).
5
Let b(j) be the second derivative of j**2 + 1/6*j**3 + 0 - j. Determine b(-2).
0
Let m(b) = -b**3 + 3*b**2 + b + 1. Suppose 3*u = c - 21, -5*c - 5*u = -c + 1. Suppose -q - c = -3*l - 24, q = l + 8. What is m(q)?
4
Let n(x) = -8*x + 8. Let o(q) = -3*q + 3. Let z(g) = -5*n(g) + 14*o(g). Determine z(5).
-8
Let w(g) = g**2 - g + 3. Let x = 2 - -1. Suppose 0 = 4*y - x*y + 1. Let u be (0/y)/((-3)/3). Give w(u).
3
Let d(b) be the third derivative of -5*b**4/24 + b**3/6 + 39*b**2. Calculate d(-2).
11
Let s(a) = -a + 1. Let x(c) = -7*c + 12. Let z(y) = 5*s(y) - x(y). What is z(7)?
7
Suppose -4*r = 4*n - 28, 5*n + 29 - 4 = 0. Let q be (-8)/r*15/(-2). Let d(t) = -t**3 + 6*t**2 - 3*t - 3. What is d(q)?
7
Let c = -34 - -39. Let d(i) = i**3 + 0*i**3 - 6 + 0*i**3 + 2*i - 5*i**2. What is d(c)?
4
Let t(n) = 3 - 4 + n + 5. Let u(k) = k**3 - 4*k**2 - 5*k - 4. Let x be u(5). Give t(x).
0
Suppose -3*u + v = 41, -u - 2*u - 3*v - 45 = 0. Let z = 11 + u. Let h(y) = -y**2 + 2*y + 1. What is h(z)?
-14
Let v(z) be the third derivative of 1/60*z**5 + 0*z + 0 + 1/12*z**4 - 5/6*z**3 - 3*z**2. Give v(-5).
10
Suppose -4*v - 18 = -5*b, -4*v - 39 = -4*b - 9*v. Let x(z) = -z**2 + 4*z + 2. Let u be x(3). Let n(c) = u*c**2 - 6*c + c**2 + 3 - 5*c**2. What is n(b)?
3
Let z = 53 - 53. Let x(t) = -t + 2. Give x(z).
2
Suppose -32 = 2*u - 8. Let t = u + 22. Let i be (-20)/(-6)*(-12)/t. Let g(x) = -2*x - 4. Give g(i).
4
Let l = 4 + -1. Suppose 5*b - 7 + 26 = 2*k, -3*k = 3*b + 3. Let n(y) = 2*y + y**3 - 3 + y**2 + 1 - 5*y**k. What is n(l)?
-5
Let w(f) = -8*f**2 - 2*f - 7. L